{"id":7,"date":"2026-04-26T13:09:17","date_gmt":"2026-04-26T13:09:17","guid":{"rendered":"https:\/\/mondessinateur.re\/?page_id=7"},"modified":"2026-04-26T13:43:04","modified_gmt":"2026-04-26T13:43:04","slug":"elementor-7","status":"publish","type":"page","link":"https:\/\/mondessinateur.re\/","title":{"rendered":""},"content":{"rendered":"\t\t<div data-elementor-type=\"wp-post\" data-elementor-id=\"7\" class=\"elementor elementor-7\">\n\t\t\t\t<div class=\"elementor-element elementor-element-ee48963 e-flex e-con-boxed e-con e-parent\" data-id=\"ee48963\" data-element_type=\"container\" data-e-type=\"container\" data-settings=\"{&quot;background_background&quot;:&quot;classic&quot;}\">\n\t\t\t\t\t<div class=\"e-con-inner\">\n\t\t\t\t\t\t\t<h2 \n\t\tdata-interaction-id=\"96ca458\" \n\t\tclass=\"e-96ca458-693ee83 e-heading-base\" \n\t\t \n\t\t\n\t>\n\t\n\t\t\tVotre dessinateur pour vos plans de permis de construire \u00e0 l'\u00eele de La R\u00e9union \n\t\t<\/h2>\n\t\t\t\t\t    \t            <a\n            href=\"https:\/\/perspectivebec.com\/\" target=\"_self\"\n            class=\"e-5114fb4-3cf65c4 e-button-base\"\n            data-interaction-id=\"5114fb4\"\n             \n        >\n            Choisissez votre formule\n        <\/a>\n    \t\t\t\t\t\t\t\n\t\t<img class=\"e-image-base e-93e5647-8878f75\" \n\t\t\t\t\tdata-interaction-id=\"93e5647\" \n\t\t \n\t\t \n\t\t\t\t\t\t\t\t\tid=\"20\"\n\t\t\t\t\t\t\t\t\t\t\t\tsrc=\"https:\/\/mondessinateur.re\/wp-content\/uploads\/2026\/04\/dessinateur-974-reunion-architecte-plan-maison-permis-de-construire-declaration-prealable-construction-maison-saint-louis-saint-pierre-plan-maison-saint-leu-idee-plan-reunion--1024x1002.jpg\"\n\t\t\t\t\t\t\t\t\t\t\t\twidth=\"800\"\n\t\t\t\t\t\t\t\t\t\t\t\theight=\"783\"\n\t\t\t\t\t\t\t\t\t\t\t\tsrcset=\"https:\/\/mondessinateur.re\/wp-content\/uploads\/2026\/04\/dessinateur-974-reunion-architecte-plan-maison-permis-de-construire-declaration-prealable-construction-maison-saint-louis-saint-pierre-plan-maison-saint-leu-idee-plan-reunion--1024x1002.jpg 1024w, https:\/\/mondessinateur.re\/wp-content\/uploads\/2026\/04\/dessinateur-974-reunion-architecte-plan-maison-permis-de-construire-declaration-prealable-construction-maison-saint-louis-saint-pierre-plan-maison-saint-leu-idee-plan-reunion--300x293.jpg 300w, https:\/\/mondessinateur.re\/wp-content\/uploads\/2026\/04\/dessinateur-974-reunion-architecte-plan-maison-permis-de-construire-declaration-prealable-construction-maison-saint-louis-saint-pierre-plan-maison-saint-leu-idee-plan-reunion--768x751.jpg 768w, https:\/\/mondessinateur.re\/wp-content\/uploads\/2026\/04\/dessinateur-974-reunion-architecte-plan-maison-permis-de-construire-declaration-prealable-construction-maison-saint-louis-saint-pierre-plan-maison-saint-leu-idee-plan-reunion--1536x1503.jpg 1536w, https:\/\/mondessinateur.re\/wp-content\/uploads\/2026\/04\/dessinateur-974-reunion-architecte-plan-maison-permis-de-construire-declaration-prealable-construction-maison-saint-louis-saint-pierre-plan-maison-saint-leu-idee-plan-reunion--2048x2004.jpg 2048w\"\n\t\t\t\t\t\t\t\t\t\t\t\talt=\"\"\n\t\t\t\t\t\t\/>\n\t\t\t\t\t\t    \t            <a\n            href=\"https:\/\/perspectivebec.com\/\" target=\"_self\"\n            class=\"e-c11e27b-63c400f e-button-base\"\n            data-interaction-id=\"c11e27b\"\n             \n        >\n            Choisissez votre formule\n        <\/a>\n    \t\t\t\t<div class=\"elementor-element elementor-element-42406e8 elementor-widget elementor-widget-image\" data-id=\"42406e8\" data-element_type=\"widget\" data-e-type=\"widget\" data-widget_type=\"image.default\">\n\t\t\t\t\t\t\t\t\t\t\t\t\t\t\t<img fetchpriority=\"high\" decoding=\"async\" width=\"768\" height=\"512\" src=\"https:\/\/mondessinateur.re\/wp-content\/uploads\/2026\/04\/DESSINATEUR-974-REUNION-PERMIS-CONSTUIRE-PLAN-768x512.jpg\" class=\"attachment-medium_large size-medium_large wp-image-21\" alt=\"\" srcset=\"https:\/\/mondessinateur.re\/wp-content\/uploads\/2026\/04\/DESSINATEUR-974-REUNION-PERMIS-CONSTUIRE-PLAN-768x512.jpg 768w, https:\/\/mondessinateur.re\/wp-content\/uploads\/2026\/04\/DESSINATEUR-974-REUNION-PERMIS-CONSTUIRE-PLAN-300x200.jpg 300w, https:\/\/mondessinateur.re\/wp-content\/uploads\/2026\/04\/DESSINATEUR-974-REUNION-PERMIS-CONSTUIRE-PLAN-1024x683.jpg 1024w, https:\/\/mondessinateur.re\/wp-content\/uploads\/2026\/04\/DESSINATEUR-974-REUNION-PERMIS-CONSTUIRE-PLAN.jpg 1536w\" sizes=\"(max-width: 768px) 100vw, 768px\" \/>\t\t\t\t\t\t\t\t\t\t\t\t\t\t\t<\/div>\n\t\t\t\t\t    \t            <a\n            href=\"https:\/\/perspectivebec.com\/\" target=\"_self\"\n            class=\"e-d4224c0-f1ad3c5 e-button-base\"\n            data-interaction-id=\"d4224c0\"\n             \n        >\n            Choisissez votre formule\n        <\/a>\n    \t\t\t\t\t<\/div>\n\t\t\t\t<\/div>\n\t\t\t\t<\/div>\n\t\t","protected":false},"excerpt":{"rendered":"<p>Votre dessinateur pour vos plans de permis de construire \u00e0 l&#8217;\u00eele de La R\u00e9union Choisissez votre formule Choisissez votre formule Choisissez votre formule<\/p>\n","protected":false},"author":1,"featured_media":0,"parent":0,"menu_order":0,"comment_status":"closed","ping_status":"closed","template":"","meta":{"footnotes":""},"class_list":["post-7","page","type-page","status-publish","hentry"],"_links":{"self":[{"href":"https:\/\/mondessinateur.re\/index.php?rest_route=\/wp\/v2\/pages\/7","targetHints":{"allow":["GET"]}}],"collection":[{"href":"https:\/\/mondessinateur.re\/index.php?rest_route=\/wp\/v2\/pages"}],"about":[{"href":"https:\/\/mondessinateur.re\/index.php?rest_route=\/wp\/v2\/types\/page"}],"author":[{"embeddable":true,"href":"https:\/\/mondessinateur.re\/index.php?rest_route=\/wp\/v2\/users\/1"}],"replies":[{"embeddable":true,"href":"https:\/\/mondessinateur.re\/index.php?rest_route=%2Fwp%2Fv2%2Fcomments&post=7"}],"version-history":[{"count":35,"href":"https:\/\/mondessinateur.re\/index.php?rest_route=\/wp\/v2\/pages\/7\/revisions"}],"predecessor-version":[{"id":54,"href":"https:\/\/mondessinateur.re\/index.php?rest_route=\/wp\/v2\/pages\/7\/revisions\/54"}],"wp:attachment":[{"href":"https:\/\/mondessinateur.re\/index.php?rest_route=%2Fwp%2Fv2%2Fmedia&parent=7"}],"curies":[{"name":"wp","href":"https:\/\/api.w.org\/{rel}","templated":true}]}}